 125 = 0, 2*z - 5*y - 9 = z. Let b = z - 4. Calculate the remainder when b is divided by x.
12
Let x(j) = 10*j**2 - 4*j + 7. What is the remainder when x(2) is divided by 11?
6
Suppose -3*r + 1 + 5 = -3*x, -3*r = -5*x - 2. Let h(o) = o**2 + 5*o + 6. What is the remainder when x is divided by h(-4)?
0
Calculate the remainder when 194 is divided by (-385)/(-10) + (-1)/(-2).
38
Suppose -5*i + 3*w + 40 = 0, 4*w - 10 = 6*w. Suppose -p = 3*l - 52, 0 = -l - 4*l + 3*p + 82. Calculate the remainder when l is divided by i.
2
Let o = -50 - -53. Suppose 0 = r - 2*c, -3*c = -r - 5*c + 4. Suppose 4*s - 27 = -f + 2*f, -r*s - o = 5*f. Calculate the remainder when 21 is divided by s.
3
Suppose -19*b + 17*b + 40 = 0. What is the remainder when b is divided by 13?
7
Suppose -29*b = -36*b + 189. What is the remainder when 161 is divided by b?
26
Let x be -2 + 3 + -2 - -1. Calculate the remainder when ((-17)/1)/(x + -1) is divided by 9.
8
Let f(y) = 7*y - 33. Calculate the remainder when f(14) is divided by 34.
31
Suppose -4*g = 74 - 246. Let s(u) be the second derivative of -u**5/20 + u**4 - 3*u**3/2 - 7*u**2/2 - 3*u. Calculate the remainder when g is divided by s(11).
13
Let n(m) = m**3 - 1. Let s be n(1). Suppose s*f + 4*r = f - 58, f + r = 33. Calculate the remainder when f is divided by 13.
12
Let a(g) = 6*g**2 + 3*g - 2. Calculate the remainder when 15 is divided by a(1).
1
Let c be 68/(-7) + (-4)/14. Suppose 4*k = 5*u - 142, 5*k = -2*u + 24 + 13. What is the remainder when u is divided by 4/10 - 136/c?
12
Suppose 0 = -5*o - 4*y + 57, -2*o - 3*y + 27 = -0*o. Let c be (-2)/(-4)*(o - -3). Calculate the remainder when 27 is divided by (-2)/(-6) - (-82)/c.
13
Let y be ((-1)/(-3))/((-10)/(-780)). Suppose -5*b - 5*l - 7 + 37 = 0, -5*l = b - y. Calculate the remainder when 2 is divided by b.
0
Let y(s) = s**3 - 3*s**2 - s - 8. Let x(w) = w**2 + 1. Let z(d) = 6*x(d) + y(d). Let i = 3 - 2. What is the remainder when z(-3) is divided by i?
0
Let h be (-22 + -1)/(13 - 12). Let b = h + 29. Calculate the remainder when b is divided by 4.
2
Calculate the remainder when (-7)/((-210)/85)*6 is divided by 11.
6
Let v(n) = n**2 - 7*n + 6. Let w be v(6). Suppose 16 = 4*k - w. What is the remainder when k is divided by 3?
1
Suppose -4*y + 11 = q - y, q + 2*y - 14 = 0. What is the remainder when 75 is divided by q?
15
Let c = 37 - -4. Calculate the remainder when c is divided by 14.
13
Let j(l) = l + 4. Calculate the remainder when 6 is divided by j(0).
2
Suppose -x = -0*x - 11. Suppose -l + x = -0*l. What is the remainder when 20 is divided by l?
9
Suppose c + 6*l - 16 = l, -2*c = -l + 1. Suppose 3*k - 14 = c. Suppose 0 = -f + r - 3 + 16, 5*r = -k*f + 25. Calculate the remainder when 17 is divided by f.
8
Let n(p) = 3*p**3 - 5. Let s be n(3). Suppose 0 = -3*f - a + 4*a + 57, -s = -4*f + 2*a. Calculate the remainder when f is divided by 7.
5
Let c = -163 + 172. What is the remainder when 14 is divided by c?
5
Suppose -2*j + 191 = -5*s - 0*s, -3*j = s - 329. Let x = j + -31. Calculate the remainder when x is divided by 20.
17
Let x be 5 + (0 - 0) - 0. Suppose -27 = -x*k + 2*k. Suppose -5*b + 4*d + 72 = 0, -b - 2*d + 29 = k. Calculate the remainder when 46 is divided by b.
14
Suppose 2*l - 112 = -w, -3*w + w - 175 = -3*l. What is the remainder when l is divided by 12?
9
Suppose k - 3*k + 4*z = -36, z + 4 = 0. Suppose -71 = -3*u + 40. What is the remainder when u is divided by k?
7
Let k(g) = 6*g**2 - 3*g. What is the remainder when 53 is divided by k(2)?
17
Calculate the remainder when 31 is divided by 9/(-63) - (-113)/7.
15
Let n = 129 - 105. Suppose -4*u = 2*g - 194, 4*g + 122 = 5*u + 484. What is the remainder when g is divided by n?
21
Suppose 4*r + 62 = -38*k + 40*k, 2*r = 4*k - 154. Let t(m) = 11*m**3 + m**2 - m. What is the remainder when k is divided by t(1)?
8
Calculate the remainder when 129 is divided by ((-1)/2)/((-8)/192).
9
Let n(z) = -4*z + 0*z + 0*z + 1. Calculate the remainder when 7 is divided by n(-1).
2
Let j(v) = -v + 3. Let c be j(-2). Suppose -g = n - 33, 0 = g + c*n - 24 - 21. Calculate the remainder when g is divided by 8.
6
Let m(r) = r**3 + r**2 + 13. Let x(n) = -7 - 3*n - 12*n**2 + 2*n - 4*n**3 - n**3 + 4*n**3. Calculate the remainder when m(0) is divided by x(-12).
3
Let y(x) = -3*x - 8. Let n = -11 - -2. What is the remainder when 74 is divided by y(n)?
17
Suppose -2*c - 2 = 2*d, 5*c = 2*c - 15. Suppose -d*x + 63 + 1 = 0. What is the remainder when x is divided by 9?
7
Suppose 0 = -4*w + 7 + 1. Suppose 0 = -5*k - x + 12 + 23, -4*x - 52 = -4*k. Let h = 12 - k. What is the remainder when h is divided by w?
0
Suppose 0*v + 166 = 2*v. Calculate the remainder when v is divided by 12.
11
Suppose 2*k = -k + 75. Calculate the remainder when k is divided by 14.
11
Suppose 4*v + 5*r = -v + 835, -r + 339 = 2*v. What is the remainder when v is divided by 29?
27
Let n be (-2 + 2 + 86)*-1. What is the remainder when (n/(-3))/(6/9) is divided by (1 - (-11 + -4)) + -1?
13
Suppose 5*z + 4*f = 56, -4*z = f - 3*f - 50. Let u be ((-3)/(-2))/(2/(-4)). Let s(l) = -l + 4. Calculate the remainder when z is divided by s(u).
5
Let s(d) = -190*d + 190*d - 1 - 8*d**3. Suppose 5*i = -0*i - 5. Calculate the remainder when 27 is divided by s(i).
6
Let n(g) = -g + 18. Let m be n(14). Suppose -5*f = 2*z + 3, -m*f = -2*f + 6. What is the remainder when 9 is divided by z?
3
Suppose 1 - 11 = -2*i. Let t = -8 - -8. Suppose t = -5*c - u + 2*u + 61, -5*u - 5 = 0. Calculate the remainder when c is divided by i.
2
Let d = -1 + -1. Let g(r) = r**3 + r**2 - r + 2. Let w be g(d). Suppose w = -3*s + 10 + 32. What is the remainder when s is divided by 8?
6
Suppose -46 = r - 168. Let w = r - 66. Suppose 2*z = -0*z + w. What is the remainder when z is divided by 10?
8
Suppose 0 = -2*p - 3*h - 10, -6*p + 8 = -2*p - h. What is the remainder when 1 is divided by p?
0
Calculate the remainder when 2/(1*2/37) is divided by 13.
11
Let y(c) = 2*c**2 - 5. Let n(b) = 4*b - 14. What is the remainder when y(-4) is divided by n(7)?
13
Let m(s) = 2*s**2 - 4. Calculate the remainder when m(3) is divided by 7.
0
Suppose -3*t + 4*t = -5. Let x be ((-12)/(-1))/((-2)/(-3)). Let z = t + x. What is the remainder when 37 is divided by z?
11
Let i = 24 + -36. Let y = i - -18. Calculate the remainder when 21 is divided by y.
3
Suppose 2*c + 38 = 3*c. Let f = c + -23. Let k = -35 + 79. What is the remainder when k is divided by f?
14
Let b(c) = c**2 - c + 34. Calculate the remainder when b(0) is divided by 9.
7
Suppose -8*r = -1387 + 235. What is the remainder when r is divided by 29?
28
Calculate the remainder when 104 is divided by (5*-1)/(-4*6/72).
14
Let f = -12 + -2. Let v be (-8)/(-28) - 80/f. Let r(a) = a**2 - 4*a + 3. Calculate the remainder when r(v) is divided by 8.
7
Suppose 5*w = -3*g + 109, 4*w - 4*g + 3 - 71 = 0. What is the remainder when w is divided by 12?
8
Suppose 3*u - 15 = -2*v - 0*u, 2*v + 5*u - 25 = 0. Suppose v = -2*m + 3*i + 4 + 6, 20 = 4*m + 3*i. Calculate the remainder when m is divided by 2.
1
Suppose -3*y - 3*l = -54, 2*y - 5*l = -3*y + 40. What is the remainder when 48 is divided by y?
9
Suppose -3*n - 2*n + 5*i + 30 = 0, -3*n - 3*i + 24 = 0. Let r be -2 + (-1*34 - -1). Let z = 55 + r. What is the remainder when z is divided by n?
6
Let r(g) = g**2 - 3*g + 6. Calculate the remainder when r(-6) is divided by 22.
16
Let p(a) = 3*a + 40. Suppose 4*o - 110 = -f + 34, -3*o + 3*f + 108 = 0. Calculate the remainder when o is divided by p(-9).
10
Let z = -18 + 25. Let x be 0 + -3*(2 + -3). Suppose x*m + 5*d = 96, 40 = -5*m + 2*d + 169. Calculate the remainder when m is divided by z.
6
Let v(c) = 2*c - 13. Let b = -18 - -29. Calculate the remainder when 35 is divided by v(b).
8
Suppose 0 = 4*d - 100 - 104. What is the remainder when d is divided by 13?
12
Let k(h) = h**3 + 6*h**2 - 3. Calculate the remainder when k(-4) is divided by (-1)/(-2)*-1*-20.
9
Let p = 0 + -6. Let h = p + -1. What is the remainder when 9 is divided by (-2)/h - 66/(-14)?
4
Let t(u) = u**2 + 10*u - 5. Let c be t(-8). Let m = -13 - c. What is the remainder when m is divided by (-1)/2*(-10 - 0)?
3
Let c = 10 - -13. What is the remainder when 91 is divided by c?
22
Suppose -4*k = r - 33, -8*k + 4*k + 3*r = -29. Calculate the rem